{"id":689,"date":"2022-08-18T07:20:15","date_gmt":"2022-08-18T05:20:15","guid":{"rendered":"http:\/\/www.fonyihaz.hu\/?page_id=689"},"modified":"2022-09-04T22:24:25","modified_gmt":"2022-09-04T20:24:25","slug":"ajanlat","status":"publish","type":"page","link":"https:\/\/www.fonyihaz.hu\/?page_id=689","title":{"rendered":"Csapat\u00e9p\u00edt\u00e9s"},"content":{"rendered":"<p><\/p>\n<p><img loading=\"lazy\" src=\"http:\/\/www.fonyihaz.hu\/wp-content\/uploads\/2022\/08\/Tematikus-kozossegfejleszto-elmenyprogramok_Fony_20220705-page-001-scaled.jpg\" alt=\"\" class=\"size-full wp-image-694 aligncenter\" width=\"1810\" height=\"2560\" srcset=\"https:\/\/www.fonyihaz.hu\/wp-content\/uploads\/2022\/08\/Tematikus-kozossegfejleszto-elmenyprogramok_Fony_20220705-page-001-scaled.jpg 1810w, https:\/\/www.fonyihaz.hu\/wp-content\/uploads\/2022\/08\/Tematikus-kozossegfejleszto-elmenyprogramok_Fony_20220705-page-001-212x300.jpg 212w, https:\/\/www.fonyihaz.hu\/wp-content\/uploads\/2022\/08\/Tematikus-kozossegfejleszto-elmenyprogramok_Fony_20220705-page-001-724x1024.jpg 724w, https:\/\/www.fonyihaz.hu\/wp-content\/uploads\/2022\/08\/Tematikus-kozossegfejleszto-elmenyprogramok_Fony_20220705-page-001-768x1086.jpg 768w, https:\/\/www.fonyihaz.hu\/wp-content\/uploads\/2022\/08\/Tematikus-kozossegfejleszto-elmenyprogramok_Fony_20220705-page-001-1086x1536.jpg 1086w, https:\/\/www.fonyihaz.hu\/wp-content\/uploads\/2022\/08\/Tematikus-kozossegfejleszto-elmenyprogramok_Fony_20220705-page-001-1448x2048.jpg 1448w\" sizes=\"(max-width: 1810px) 100vw, 1810px\" \/><\/p>\n<p><img loading=\"lazy\" src=\"http:\/\/www.fonyihaz.hu\/wp-content\/uploads\/2022\/08\/Tematikus-kozossegfejleszto-elmenyprogramok_Fony_20220705-page-002-scaled.jpg\" alt=\"\" class=\"size-full wp-image-695 aligncenter\" width=\"1810\" height=\"2560\" srcset=\"https:\/\/www.fonyihaz.hu\/wp-content\/uploads\/2022\/08\/Tematikus-kozossegfejleszto-elmenyprogramok_Fony_20220705-page-002-scaled.jpg 1810w, https:\/\/www.fonyihaz.hu\/wp-content\/uploads\/2022\/08\/Tematikus-kozossegfejleszto-elmenyprogramok_Fony_20220705-page-002-212x300.jpg 212w, https:\/\/www.fonyihaz.hu\/wp-content\/uploads\/2022\/08\/Tematikus-kozossegfejleszto-elmenyprogramok_Fony_20220705-page-002-724x1024.jpg 724w, https:\/\/www.fonyihaz.hu\/wp-content\/uploads\/2022\/08\/Tematikus-kozossegfejleszto-elmenyprogramok_Fony_20220705-page-002-768x1086.jpg 768w, https:\/\/www.fonyihaz.hu\/wp-content\/uploads\/2022\/08\/Tematikus-kozossegfejleszto-elmenyprogramok_Fony_20220705-page-002-1086x1536.jpg 1086w, https:\/\/www.fonyihaz.hu\/wp-content\/uploads\/2022\/08\/Tematikus-kozossegfejleszto-elmenyprogramok_Fony_20220705-page-002-1448x2048.jpg 1448w\" sizes=\"(max-width: 1810px) 100vw, 1810px\" \/><\/p>\n<p><img loading=\"lazy\" src=\"http:\/\/www.fonyihaz.hu\/wp-content\/uploads\/2022\/08\/Tematikus-kozossegfejleszto-elmenyprogramok_Fony_20220705-page-003-scaled.jpg\" alt=\"\" class=\"size-full wp-image-696 aligncenter\" width=\"1810\" height=\"2560\" srcset=\"https:\/\/www.fonyihaz.hu\/wp-content\/uploads\/2022\/08\/Tematikus-kozossegfejleszto-elmenyprogramok_Fony_20220705-page-003-scaled.jpg 1810w, https:\/\/www.fonyihaz.hu\/wp-content\/uploads\/2022\/08\/Tematikus-kozossegfejleszto-elmenyprogramok_Fony_20220705-page-003-212x300.jpg 212w, https:\/\/www.fonyihaz.hu\/wp-content\/uploads\/2022\/08\/Tematikus-kozossegfejleszto-elmenyprogramok_Fony_20220705-page-003-724x1024.jpg 724w, https:\/\/www.fonyihaz.hu\/wp-content\/uploads\/2022\/08\/Tematikus-kozossegfejleszto-elmenyprogramok_Fony_20220705-page-003-768x1086.jpg 768w, https:\/\/www.fonyihaz.hu\/wp-content\/uploads\/2022\/08\/Tematikus-kozossegfejleszto-elmenyprogramok_Fony_20220705-page-003-1086x1536.jpg 1086w, https:\/\/www.fonyihaz.hu\/wp-content\/uploads\/2022\/08\/Tematikus-kozossegfejleszto-elmenyprogramok_Fony_20220705-page-003-1448x2048.jpg 1448w\" sizes=\"(max-width: 1810px) 100vw, 1810px\" \/><\/p>\n<p><\/p>\n<p><img loading=\"lazy\" src=\"http:\/\/www.fonyihaz.hu\/wp-content\/uploads\/2022\/08\/Tematikus-kozossegfejleszto-elmenyprogramok_Fony_20220705-page-004-scaled.jpg\" alt=\"\" class=\"size-full wp-image-697 aligncenter\" width=\"1810\" height=\"2560\" srcset=\"https:\/\/www.fonyihaz.hu\/wp-content\/uploads\/2022\/08\/Tematikus-kozossegfejleszto-elmenyprogramok_Fony_20220705-page-004-scaled.jpg 1810w, https:\/\/www.fonyihaz.hu\/wp-content\/uploads\/2022\/08\/Tematikus-kozossegfejleszto-elmenyprogramok_Fony_20220705-page-004-212x300.jpg 212w, https:\/\/www.fonyihaz.hu\/wp-content\/uploads\/2022\/08\/Tematikus-kozossegfejleszto-elmenyprogramok_Fony_20220705-page-004-724x1024.jpg 724w, https:\/\/www.fonyihaz.hu\/wp-content\/uploads\/2022\/08\/Tematikus-kozossegfejleszto-elmenyprogramok_Fony_20220705-page-004-768x1086.jpg 768w, https:\/\/www.fonyihaz.hu\/wp-content\/uploads\/2022\/08\/Tematikus-kozossegfejleszto-elmenyprogramok_Fony_20220705-page-004-1086x1536.jpg 1086w, https:\/\/www.fonyihaz.hu\/wp-content\/uploads\/2022\/08\/Tematikus-kozossegfejleszto-elmenyprogramok_Fony_20220705-page-004-1448x2048.jpg 1448w\" sizes=\"(max-width: 1810px) 100vw, 1810px\" \/><\/p>\n<p><img loading=\"lazy\" src=\"http:\/\/www.fonyihaz.hu\/wp-content\/uploads\/2022\/08\/Tematikus-kozossegfejleszto-elmenyprogramok_Fony_20220705-page-005-scaled.jpg\" alt=\"\" class=\"size-full wp-image-690 aligncenter\" width=\"1810\" height=\"2560\" srcset=\"https:\/\/www.fonyihaz.hu\/wp-content\/uploads\/2022\/08\/Tematikus-kozossegfejleszto-elmenyprogramok_Fony_20220705-page-005-scaled.jpg 1810w, https:\/\/www.fonyihaz.hu\/wp-content\/uploads\/2022\/08\/Tematikus-kozossegfejleszto-elmenyprogramok_Fony_20220705-page-005-212x300.jpg 212w, https:\/\/www.fonyihaz.hu\/wp-content\/uploads\/2022\/08\/Tematikus-kozossegfejleszto-elmenyprogramok_Fony_20220705-page-005-724x1024.jpg 724w, https:\/\/www.fonyihaz.hu\/wp-content\/uploads\/2022\/08\/Tematikus-kozossegfejleszto-elmenyprogramok_Fony_20220705-page-005-768x1086.jpg 768w, https:\/\/www.fonyihaz.hu\/wp-content\/uploads\/2022\/08\/Tematikus-kozossegfejleszto-elmenyprogramok_Fony_20220705-page-005-1086x1536.jpg 1086w, https:\/\/www.fonyihaz.hu\/wp-content\/uploads\/2022\/08\/Tematikus-kozossegfejleszto-elmenyprogramok_Fony_20220705-page-005-1448x2048.jpg 1448w\" sizes=\"(max-width: 1810px) 100vw, 1810px\" \/><\/p>\n<p><\/p>\n<p><img loading=\"lazy\" src=\"http:\/\/www.fonyihaz.hu\/wp-content\/uploads\/2022\/08\/Tematikus-kozossegfejleszto-elmenyprogramok_Fony_20220705-page-006-scaled.jpg\" alt=\"\" class=\"size-full wp-image-693 aligncenter\" width=\"1810\" height=\"2560\" srcset=\"https:\/\/www.fonyihaz.hu\/wp-content\/uploads\/2022\/08\/Tematikus-kozossegfejleszto-elmenyprogramok_Fony_20220705-page-006-scaled.jpg 1810w, https:\/\/www.fonyihaz.hu\/wp-content\/uploads\/2022\/08\/Tematikus-kozossegfejleszto-elmenyprogramok_Fony_20220705-page-006-212x300.jpg 212w, https:\/\/www.fonyihaz.hu\/wp-content\/uploads\/2022\/08\/Tematikus-kozossegfejleszto-elmenyprogramok_Fony_20220705-page-006-724x1024.jpg 724w, https:\/\/www.fonyihaz.hu\/wp-content\/uploads\/2022\/08\/Tematikus-kozossegfejleszto-elmenyprogramok_Fony_20220705-page-006-768x1086.jpg 768w, https:\/\/www.fonyihaz.hu\/wp-content\/uploads\/2022\/08\/Tematikus-kozossegfejleszto-elmenyprogramok_Fony_20220705-page-006-1086x1536.jpg 1086w, https:\/\/www.fonyihaz.hu\/wp-content\/uploads\/2022\/08\/Tematikus-kozossegfejleszto-elmenyprogramok_Fony_20220705-page-006-1448x2048.jpg 1448w\" sizes=\"(max-width: 1810px) 100vw, 1810px\" \/><\/p>\n<p><\/p>\n<p><img loading=\"lazy\" src=\"http:\/\/www.fonyihaz.hu\/wp-content\/uploads\/2022\/08\/Tematikus-kozossegfejleszto-elmenyprogramok_Fony_20220705-page-007-scaled.jpg\" alt=\"\" class=\"size-full wp-image-691 aligncenter\" width=\"1810\" height=\"2560\" srcset=\"https:\/\/www.fonyihaz.hu\/wp-content\/uploads\/2022\/08\/Tematikus-kozossegfejleszto-elmenyprogramok_Fony_20220705-page-007-scaled.jpg 1810w, https:\/\/www.fonyihaz.hu\/wp-content\/uploads\/2022\/08\/Tematikus-kozossegfejleszto-elmenyprogramok_Fony_20220705-page-007-212x300.jpg 212w, https:\/\/www.fonyihaz.hu\/wp-content\/uploads\/2022\/08\/Tematikus-kozossegfejleszto-elmenyprogramok_Fony_20220705-page-007-724x1024.jpg 724w, https:\/\/www.fonyihaz.hu\/wp-content\/uploads\/2022\/08\/Tematikus-kozossegfejleszto-elmenyprogramok_Fony_20220705-page-007-768x1086.jpg 768w, https:\/\/www.fonyihaz.hu\/wp-content\/uploads\/2022\/08\/Tematikus-kozossegfejleszto-elmenyprogramok_Fony_20220705-page-007-1086x1536.jpg 1086w, https:\/\/www.fonyihaz.hu\/wp-content\/uploads\/2022\/08\/Tematikus-kozossegfejleszto-elmenyprogramok_Fony_20220705-page-007-1448x2048.jpg 1448w\" sizes=\"(max-width: 1810px) 100vw, 1810px\" \/><\/p>\n<p><img loading=\"lazy\" src=\"http:\/\/www.fonyihaz.hu\/wp-content\/uploads\/2022\/08\/Tematikus-kozossegfejleszto-elmenyprogramok_Fony_20220705-page-008-scaled.jpg\" alt=\"\" class=\"size-full wp-image-692 aligncenter\" width=\"1810\" height=\"2560\" srcset=\"https:\/\/www.fonyihaz.hu\/wp-content\/uploads\/2022\/08\/Tematikus-kozossegfejleszto-elmenyprogramok_Fony_20220705-page-008-scaled.jpg 1810w, https:\/\/www.fonyihaz.hu\/wp-content\/uploads\/2022\/08\/Tematikus-kozossegfejleszto-elmenyprogramok_Fony_20220705-page-008-212x300.jpg 212w, https:\/\/www.fonyihaz.hu\/wp-content\/uploads\/2022\/08\/Tematikus-kozossegfejleszto-elmenyprogramok_Fony_20220705-page-008-724x1024.jpg 724w, https:\/\/www.fonyihaz.hu\/wp-content\/uploads\/2022\/08\/Tematikus-kozossegfejleszto-elmenyprogramok_Fony_20220705-page-008-768x1086.jpg 768w, https:\/\/www.fonyihaz.hu\/wp-content\/uploads\/2022\/08\/Tematikus-kozossegfejleszto-elmenyprogramok_Fony_20220705-page-008-1086x1536.jpg 1086w, https:\/\/www.fonyihaz.hu\/wp-content\/uploads\/2022\/08\/Tematikus-kozossegfejleszto-elmenyprogramok_Fony_20220705-page-008-1448x2048.jpg 1448w\" sizes=\"(max-width: 1810px) 100vw, 1810px\" \/><\/p>\n\n\n<p><\/p>\n","protected":false},"excerpt":{"rendered":"","protected":false},"author":1,"featured_media":0,"parent":0,"menu_order":0,"comment_status":"closed","ping_status":"closed","template":"","meta":[],"_links":{"self":[{"href":"https:\/\/www.fonyihaz.hu\/index.php?rest_route=\/wp\/v2\/pages\/689"}],"collection":[{"href":"https:\/\/www.fonyihaz.hu\/index.php?rest_route=\/wp\/v2\/pages"}],"about":[{"href":"https:\/\/www.fonyihaz.hu\/index.php?rest_route=\/wp\/v2\/types\/page"}],"author":[{"embeddable":true,"href":"https:\/\/www.fonyihaz.hu\/index.php?rest_route=\/wp\/v2\/users\/1"}],"replies":[{"embeddable":true,"href":"https:\/\/www.fonyihaz.hu\/index.php?rest_route=%2Fwp%2Fv2%2Fcomments&post=689"}],"version-history":[{"count":13,"href":"https:\/\/www.fonyihaz.hu\/index.php?rest_route=\/wp\/v2\/pages\/689\/revisions"}],"predecessor-version":[{"id":718,"href":"https:\/\/www.fonyihaz.hu\/index.php?rest_route=\/wp\/v2\/pages\/689\/revisions\/718"}],"wp:attachment":[{"href":"https:\/\/www.fonyihaz.hu\/index.php?rest_route=%2Fwp%2Fv2%2Fmedia&parent=689"}],"curies":[{"name":"wp","href":"https:\/\/api.w.org\/{rel}","templated":true}]}}